(-49)?
2, 3, 5, 113
Let k(f) = 11*f - 60. Let x be k(-12). Let r = 510 + x. List the prime factors of r.
2, 3, 53
Suppose -w = w + g + 1, 3*g + 21 = 3*w. Suppose -3*z + 2*z + w*c = 0, 15 = 5*c. List the prime factors of 179/3 + ((-4)/z - 0).
59
Let a(z) = -2*z**2 + 5*z + 30. Let t be a(-7). Let p = 166 - t. Let i = 492 - p. What are the prime factors of i?
223
Suppose -7*p + p + 210 = 0. Suppose -73 = -4*b + p. List the prime factors of b.
3
Suppose 0 = x + 5*q - 7707, 6*x = 8*x + 4*q - 15378. List the prime factors of x.
3, 853
What are the prime factors of 18/8*(-248)/(-12)*220?
2, 3, 5, 11, 31
Let n = 18450 - 10955. What are the prime factors of n?
5, 1499
Let x = 203 - -96. List the prime factors of x + 0 + 0 + -2.
3, 11
Let z = -16025 + 18027. What are the prime factors of z?
2, 7, 11, 13
Suppose 37*z = 4*s + 33*z - 24, 2*z + 2 = -3*s. Suppose s*a = 23 + 781. What are the prime factors of a?
2, 3, 67
Suppose 3*f - 7*f + 174 = 2*n, -192 = -4*f + 4*n. What are the prime factors of (318/f + 3/5)*42?
2, 7, 23
Let g(a) = 10*a**3 - 40*a**2 + 164*a + 28. List the prime factors of g(17).
2, 3, 53, 127
Let r = -1231 - -1839. Suppose 0 = -8*a + 1552 + r. List the prime factors of a.
2, 3, 5
Let k be 1*(-100202)/(-6) - (-10)/15. Suppose -45*t = -26*t - k. List the prime factors of t.
3, 293
Let u = -76 - 95. Let x = u - -268. List the prime factors of x.
97
List the prime factors of (81/(-27) + 2)/(2/(-15734)).
7867
What are the prime factors of 3/(-18) + 27/((-3240)/(-1864100))?
2, 3, 863
Let y = 76987 + -32936. List the prime factors of y.
7, 29, 31
Suppose s - 59 = -325. Let p be (8/2)/((-7)/s). Suppose 5*n + p = 7*n - 2*v, -236 = -3*n - v. List the prime factors of n.
2, 3, 13
Let j be ((-6)/4 - -1)/(5/(-6840)). Let a = 1203 - j. Suppose 0*t + 3*t = a. What are the prime factors of t?
173
Let x(l) = -6*l + 28. Let z be x(4). Suppose -t + z*t - 163 = -2*a, 5*t - 265 = -2*a. What are the prime factors of t?
3, 17
Let p be -4 - (-2)/2 - 4. Let y = p + 9. Suppose 3*x - 108 = y*x. List the prime factors of x.
2, 3
Suppose -k + 99 = 10*k. Suppose -w = 5*a - k*a + 69, -4*a + 3*w + 79 = 0. Suppose 5*g + r - 364 = 0, -5*r = -4 - a. What are the prime factors of g?
2, 3
Let j = -5098 + 10950. List the prime factors of j.
2, 7, 11, 19
Let q = -42 + 42. Suppose q = -13*a + 6893 - 796. What are the prime factors of a?
7, 67
Let k(l) = -171*l**3 + 7*l**2 + 57*l + 215. What are the prime factors of k(-4)?
3, 409
Let w(h) = 13*h**3 + 39*h**2 + 68*h - 85. What are the prime factors of w(11)?
5, 13, 349
Suppose -2*j + 4*g + 96848 = 0, 3*g = -j - 7*g + 48424. List the prime factors of j.
2, 6053
Let r(j) = -2*j**2 - 46*j + 51. Let q = -59 - -35. Let p be r(q). Suppose -2*v - p*o - 9 = -384, -3*v = -3*o - 540. List the prime factors of v.
3, 61
Let v = -476 - -119. Let m = v + 665. What are the prime factors of m?
2, 7, 11
Let n be (1 - 6084/10) + 10/25. Let z = -105 - n. What are the prime factors of z?
2, 251
Let z(h) be the second derivative of h**5/20 - h**4/12 - 3*h**3/2 - 3*h**2/2 + 5*h. Let s be z(4). Suppose -s*m = -3*m - 474. List the prime factors of m.
79
Suppose 7*s - 430 - 872 = 0. Let l = -104 + s. What are the prime factors of l?
2, 41
Let g = 858 + -77. Suppose 311 = 4*w - g. Suppose t - 4*t + w = 0. List the prime factors of t.
7, 13
Suppose -3*i + 4 = 2*k - 53, -4*k = -12. Let y(f) = 15*f**2 + 13*f + i*f**2 - 10*f**2 - 3. What are the prime factors of y(-3)?
2, 3, 13
Let h = -17 + 27. Let i(l) = 16*l + 46. Let m be i(-3). List the prime factors of m/10 + 1022/h.
2, 3, 17
Let p = 247 - 243. Suppose 0*c = 3*c + p*j - 566, 4*c - 760 = -4*j. List the prime factors of c.
2, 97
Suppose 1410 = -6*v + 9*v + 5*d, 1386 = 3*v - 3*d. List the prime factors of v.
3, 5, 31
Let y be 1*3*(-10)/15*1. Let w = 13 - y. Let x = w - -35. What are the prime factors of x?
2, 5
Let q(r) = 959*r - 2617. List the prime factors of q(46).
17, 2441
Suppose 78*a - 58*a = 346720. What are the prime factors of a?
2, 11, 197
List the prime factors of ((-14)/(-35))/((-22)/(-1731180)).
2, 3, 43, 61
Suppose 107*o = 111*o - 12. Suppose -3*w + d + 185 = 0, o*d - 6 = -3*w + 171. What are the prime factors of w?
61
Let o(n) = 19*n + 5 - 2*n**2 - 9 - 3*n. Let p be o(8). List the prime factors of p + 6/3 - -16.
2, 7
Let u(f) = 2*f**3 + 31*f**2 + 8*f + 41. Suppose -12*h + 19*h + 98 = 0. List the prime factors of u(h).
11, 47
Let q = -444 - -505. Let t = 130 + q. List the prime factors of t.
191
Suppose j - c + 5*c - 63 = 0, -3*c = -j + 77. Suppose 4*y + 5*o - 4*o = 120, 0 = 3*y - 4*o - j. List the prime factors of y.
29
Let n(g) = -4*g**2 + 574*g - 926. List the prime factors of n(108).
2, 5, 11, 131
Let v = -5523 - -10143. What are the prime factors of v?
2, 3, 5, 7, 11
Let p = 77 + -50. Suppose p*q = 14072 + 1048. What are the prime factors of q?
2, 5, 7
Suppose -4*s + 5 = -5*s + 2*w, -6 = 2*s - 3*w. Let z be ((3 - s) + -2 + 1)*-5. Suppose 5*c - 515 = -5*a, -a + 82 = z*c - 1. List the prime factors of a.
2, 3
Let w(v) = 8*v + 761. Let d be w(0). Let a = -286 + d. List the prime factors of a.
5, 19
List the prime factors of -6 + 4/(6/(-93864)*-8).
2, 977
Let d = 15896 - 11166. Let g = d - 3137. List the prime factors of g.
3, 59
Suppose -3*o = 3*f + 52 + 20, 3*o + 77 = -4*f. Let p = -17 - o. Suppose 51 = a + p*s - 6, -3*a + 126 = -3*s. List the prime factors of a.
47
Suppose -23*n + 1033164 = 21*n - 22*n. What are the prime factors of n?
2, 3, 2609
Suppose 13*h = 7*h. Suppose -15*z + 5015 + 1315 = h. List the prime factors of z.
2, 211
Let c(x) = -3*x + 12. Let l(k) be the third derivative of -k**5/60 + k**4/24 + k**3/2 - 15*k**2. Let r be l(4). What are the prime factors of c(r)?
3, 13
Let t be 2 + (6 + -7)*227/(-1). Suppose 0 = 2*m - 2*u + 7550, 11098 + t = -3*m + u. What are the prime factors of m/(-48) + 4/(-6)?
2, 3, 13
Suppose -5*t = -4*j + 11, -2*t + 3 = 1. Suppose -3*w + 5*q + 2000 = 2*w, -w - j*q = -425. What are the prime factors of w?
3, 5
Suppose -754*n = -805*n + 1863898 - 647191. List the prime factors of n.
23857
Let h = 46 - 100. Let k = h - -412. Suppose k = 4*l - 110. What are the prime factors of l?
3, 13
Suppose 5*l - 1255 - 68265 = -5*g, -3*g + 4*l + 41726 = 0. What are the prime factors of g?
2, 17, 409
Suppose -3*t + 9*t = 198. Suppose -5*v - 18 + t = 0. Suppose -v*o = -4*h + 346, o + 117 + 55 = 2*h. What are the prime factors of h?
5, 17
Suppose 23*z - 588903 = 178676. List the prime factors of z.
23, 1451
Suppose -4*x = -4*o - 2252, 1557 = -4*o + 3*x - 692. Let t = o + 914. List the prime factors of t.
2, 3, 59
Let l = -6894 + 18363. List the prime factors of l.
3, 3823
Suppose 13*u - 8*u - 255 = 0. Let j = 48 - u. List the prime factors of (-4)/((-243)/60 + (1 - j)).
2, 5
Let k(c) = -4*c + 3. Let p be k(-1). Suppose -728 = -p*n + 77. List the prime factors of n.
5, 23
Let x(y) = y**3 + 45*y**2 - 80*y + 122. List the prime factors of x(-37).
2, 3, 2339
Let j(x) = 35*x**2 + 8*x - 18. Let f(g) = 10*g + 83. Let n be f(-8). List the prime factors of j(n).
3, 107
Let x(p) = 945*p - 591. What are the prime factors of x(7)?
2, 3, 251
Let y = -21 + 18. What are the prime factors of 4*(-3)/(-12) - (-328 + y)?
2, 83
Suppose 0 = -772*f + 759*f + 165100. What are the prime factors of f?
2, 5, 127
Let i(w) = 2*w - 2 + 7*w + 14*w - 11 + 10*w**2 - 7*w. What are the prime factors of i(-13)?
13, 113
Suppose -55*l = 45*l - 114*l + 172718. List the prime factors of l.
13, 73
Let v(h) = h**3 - 3*h**2 - 7*h + 2. Let u be v(5). Let j be u/51 + 35/3. Suppose -3*k = -j*k + 1188. What are the prime factors of k?
2, 3, 11
Let j = -140 - -135. Let l(r) = -89*r + 33. List the prime factors of l(j).
2, 239
Let k = 35 - 17. Let o(w) = 225*w. Let m be o(k). What are the prime factors of 3 - m/(-24) - 2/(-8)?
2, 43
Suppose 8*t = 238 - 558. Let d be 26 + (-4*2 - -4). What are the prime factors of 408/187 + (-4)/d - t?
2, 3, 7
Suppose 8806 = -164*l + 165*l - 3*x, 3*x = -4*l + 35344. What are the prime factors of l?
2, 5, 883
Let j be (928/(-10))/(2/(-30)). Suppose 5*a - 373 - j = 0. Let b = a - 241. What are the prime factors of b?
2, 7
Suppose 12177 = -36*v + 175476 + 250485. What are the prime factors of v?
2, 7, 821
Let t be 2162 + ((-9)/4 - 11/(-44)). Suppose 2*w = 7*w - t. List the prime 